{"id":10240,"date":"2024-09-18T16:47:38","date_gmt":"2024-09-18T14:47:38","guid":{"rendered":"https:\/\/www.scrigno.com\/architects\/beatrice-di-pasqua-4\/"},"modified":"2024-09-18T16:47:38","modified_gmt":"2024-09-18T14:47:38","slug":"beatrice-di-pasqua-4","status":"publish","type":"scrignocom_architect","link":"https:\/\/www.scrigno.com\/cs\/architekti\/beatrice-di-pasqua-4\/","title":{"rendered":"Beatrice Di Pasqua"},"content":{"rendered":"<p>Architektonick\u00e9 studio INsiDE se zrodilo ze zaujet\u00ed architektky Beatrice Di Pasqua pro interi\u00e9rov\u00fd design. Po absolvov\u00e1n\u00ed oboru &#8222;N\u00e1bytek a architektura interi\u00e9ru&#8220; m\u011bla to \u0161t\u011bst\u00ed vyzkou\u0161et si kreativn\u00ed a podn\u011btnou pr\u00e1ci pro z\u00e1kazn\u00edky v r\u00e1mci nab\u00eddky \u201ena kl\u00ed\u010d\u201c, kter\u00e1 j\u00ed umo\u017enila v\u011bnovat se jak \u00favodn\u00ed pl\u00e1novac\u00ed \u010d\u00e1sti projektu, tak i n\u00e1sledn\u00e9 realiza\u010dn\u00ed f\u00e1zi. Bohat\u00e9 pracovn\u00ed zku\u0161enosti j\u00ed v roce 2011 dodaly odvahu otev\u0159\u00edt studio INsiDE, mlad\u00e9, dynamick\u00e9, flexibiln\u00ed a neust\u00e1le rostouc\u00ed pracovi\u0161t\u011b, jeho\u017e jedin\u00fdm \u00fakolem je KR\u00c1SN\u00c1 ARCHITEKTURA.<\/p>\n<p>PROJEKT znamen\u00e1 zohledn\u011bn\u00ed pot\u0159eb a p\u0159\u00e1n\u00ed z\u00e1kazn\u00edka s c\u00edlem vytvo\u0159it d\u00edlo zaru\u010duj\u00edc\u00ed lep\u0161\u00ed pohodu v\u0161ech, kte\u0159\u00ed budou s projektem denn\u011b \u017e\u00edt.<\/p>\n<p>ROLE ARCHITEKTA ji\u017e nen\u00ed b\u00fdt um\u011blcem, kter\u00fd navrhuje v\u00fdst\u0159edn\u00ed n\u00e1pady vzd\u00e1len\u00e9 ka\u017edodenn\u00ed realit\u011b. Nyn\u00ed je to partner hledaj\u00edc\u00ed pro sv\u00e9 z\u00e1kazn\u00edky \u0159e\u0161en\u00ed, je\u017e odpov\u00eddaj\u00ed jejich skute\u010dn\u00fdm pot\u0159eb\u00e1m, propojuj\u00ed estetiku s funk\u010dnost\u00ed a poskytuj\u00ed p\u0159esn\u00e9, \u00fapln\u00e9 a vyv\u00e1\u017een\u00e9 rady.<\/p>\n","protected":false},"featured_media":4604,"template":"","class_list":["post-10240","scrignocom_architect","type-scrignocom_architect","status-publish","has-post-thumbnail","hentry"],"acf":{"architect_company_name":"","architect_address":"","architect_city":"","architect_website":"","architect_email":"","architect_phone":""},"yoast_head":"<!-- This site is optimized with the Yoast SEO plugin v27.1.1 - https:\/\/yoast.com\/product\/yoast-seo-wordpress\/ -->\n<title>Beatrice Di Pasqua - Scrigno<\/title>\n<meta name=\"robots\" content=\"index, follow, max-snippet:-1, max-image-preview:large, max-video-preview:-1\" \/>\n<link rel=\"canonical\" href=\"https:\/\/www.scrigno.com\/cs\/architekti\/beatrice-di-pasqua-4\/\" \/>\n<meta property=\"og:locale\" content=\"cs_CZ\" \/>\n<meta property=\"og:type\" content=\"article\" \/>\n<meta property=\"og:title\" content=\"Beatrice Di Pasqua - Scrigno\" \/>\n<meta property=\"og:description\" content=\"Architektonick\u00e9 studio INsiDE se zrodilo ze zaujet\u00ed architektky Beatrice Di Pasqua pro interi\u00e9rov\u00fd design. Po absolvov\u00e1n\u00ed oboru &#8222;N\u00e1bytek a architektura [&hellip;]\" \/>\n<meta property=\"og:url\" content=\"https:\/\/www.scrigno.com\/cs\/architekti\/beatrice-di-pasqua-4\/\" \/>\n<meta property=\"og:site_name\" content=\"Scrigno\" \/>\n<meta property=\"og:image\" content=\"https:\/\/www.scrigno.com\/wp-content\/uploads\/2024\/07\/square_L_Beatrice-Di-Pasqua.jpeg\" \/>\n\t<meta property=\"og:image:width\" content=\"1100\" \/>\n\t<meta property=\"og:image:height\" content=\"1100\" \/>\n\t<meta property=\"og:image:type\" content=\"image\/jpeg\" \/>\n<meta name=\"twitter:card\" content=\"summary_large_image\" \/>\n<meta name=\"twitter:label1\" content=\"Odhadovan\u00e1 doba \u010dten\u00ed\" \/>\n\t<meta name=\"twitter:data1\" content=\"1 minuta\" \/>\n<script type=\"application\/ld+json\" class=\"yoast-schema-graph\">{\"@context\":\"https:\/\/schema.org\",\"@graph\":[{\"@type\":\"WebPage\",\"@id\":\"https:\/\/www.scrigno.com\/cs\/architekti\/beatrice-di-pasqua-4\/\",\"url\":\"https:\/\/www.scrigno.com\/cs\/architekti\/beatrice-di-pasqua-4\/\",\"name\":\"Beatrice Di Pasqua - Scrigno\",\"isPartOf\":{\"@id\":\"https:\/\/www.scrigno.com\/cs\/#website\"},\"primaryImageOfPage\":{\"@id\":\"https:\/\/www.scrigno.com\/cs\/architekti\/beatrice-di-pasqua-4\/#primaryimage\"},\"image\":{\"@id\":\"https:\/\/www.scrigno.com\/cs\/architekti\/beatrice-di-pasqua-4\/#primaryimage\"},\"thumbnailUrl\":\"https:\/\/www.scrigno.com\/wp-content\/uploads\/2024\/07\/square_L_Beatrice-Di-Pasqua.jpeg\",\"datePublished\":\"2024-09-18T14:47:38+00:00\",\"breadcrumb\":{\"@id\":\"https:\/\/www.scrigno.com\/cs\/architekti\/beatrice-di-pasqua-4\/#breadcrumb\"},\"inLanguage\":\"cs\",\"potentialAction\":[{\"@type\":\"ReadAction\",\"target\":[\"https:\/\/www.scrigno.com\/cs\/architekti\/beatrice-di-pasqua-4\/\"]}]},{\"@type\":\"ImageObject\",\"inLanguage\":\"cs\",\"@id\":\"https:\/\/www.scrigno.com\/cs\/architekti\/beatrice-di-pasqua-4\/#primaryimage\",\"url\":\"https:\/\/www.scrigno.com\/wp-content\/uploads\/2024\/07\/square_L_Beatrice-Di-Pasqua.jpeg\",\"contentUrl\":\"https:\/\/www.scrigno.com\/wp-content\/uploads\/2024\/07\/square_L_Beatrice-Di-Pasqua.jpeg\",\"width\":1100,\"height\":1100},{\"@type\":\"BreadcrumbList\",\"@id\":\"https:\/\/www.scrigno.com\/cs\/architekti\/beatrice-di-pasqua-4\/#breadcrumb\",\"itemListElement\":[{\"@type\":\"ListItem\",\"position\":1,\"name\":\"Home\",\"item\":\"https:\/\/www.scrigno.com\/cs\/\"},{\"@type\":\"ListItem\",\"position\":2,\"name\":\"Architekti\",\"item\":\"https:\/\/www.scrigno.com\/cs\/architekti\/\"},{\"@type\":\"ListItem\",\"position\":3,\"name\":\"Beatrice Di Pasqua\"}]},{\"@type\":\"WebSite\",\"@id\":\"https:\/\/www.scrigno.com\/cs\/#website\",\"url\":\"https:\/\/www.scrigno.com\/cs\/\",\"name\":\"Scrigno\",\"description\":\"\",\"potentialAction\":[{\"@type\":\"SearchAction\",\"target\":{\"@type\":\"EntryPoint\",\"urlTemplate\":\"https:\/\/www.scrigno.com\/cs\/?s={search_term_string}\"},\"query-input\":{\"@type\":\"PropertyValueSpecification\",\"valueRequired\":true,\"valueName\":\"search_term_string\"}}],\"inLanguage\":\"cs\"}]}<\/script>\n<!-- \/ Yoast SEO plugin. -->","yoast_head_json":{"title":"Beatrice Di Pasqua - Scrigno","robots":{"index":"index","follow":"follow","max-snippet":"max-snippet:-1","max-image-preview":"max-image-preview:large","max-video-preview":"max-video-preview:-1"},"canonical":"https:\/\/www.scrigno.com\/cs\/architekti\/beatrice-di-pasqua-4\/","og_locale":"cs_CZ","og_type":"article","og_title":"Beatrice Di Pasqua - Scrigno","og_description":"Architektonick\u00e9 studio INsiDE se zrodilo ze zaujet\u00ed architektky Beatrice Di Pasqua pro interi\u00e9rov\u00fd design. Po absolvov\u00e1n\u00ed oboru &#8222;N\u00e1bytek a architektura [&hellip;]","og_url":"https:\/\/www.scrigno.com\/cs\/architekti\/beatrice-di-pasqua-4\/","og_site_name":"Scrigno","og_image":[{"width":1100,"height":1100,"url":"https:\/\/www.scrigno.com\/wp-content\/uploads\/2024\/07\/square_L_Beatrice-Di-Pasqua.jpeg","type":"image\/jpeg"}],"twitter_card":"summary_large_image","twitter_misc":{"Odhadovan\u00e1 doba \u010dten\u00ed":"1 minuta"},"schema":{"@context":"https:\/\/schema.org","@graph":[{"@type":"WebPage","@id":"https:\/\/www.scrigno.com\/cs\/architekti\/beatrice-di-pasqua-4\/","url":"https:\/\/www.scrigno.com\/cs\/architekti\/beatrice-di-pasqua-4\/","name":"Beatrice Di Pasqua - Scrigno","isPartOf":{"@id":"https:\/\/www.scrigno.com\/cs\/#website"},"primaryImageOfPage":{"@id":"https:\/\/www.scrigno.com\/cs\/architekti\/beatrice-di-pasqua-4\/#primaryimage"},"image":{"@id":"https:\/\/www.scrigno.com\/cs\/architekti\/beatrice-di-pasqua-4\/#primaryimage"},"thumbnailUrl":"https:\/\/www.scrigno.com\/wp-content\/uploads\/2024\/07\/square_L_Beatrice-Di-Pasqua.jpeg","datePublished":"2024-09-18T14:47:38+00:00","breadcrumb":{"@id":"https:\/\/www.scrigno.com\/cs\/architekti\/beatrice-di-pasqua-4\/#breadcrumb"},"inLanguage":"cs","potentialAction":[{"@type":"ReadAction","target":["https:\/\/www.scrigno.com\/cs\/architekti\/beatrice-di-pasqua-4\/"]}]},{"@type":"ImageObject","inLanguage":"cs","@id":"https:\/\/www.scrigno.com\/cs\/architekti\/beatrice-di-pasqua-4\/#primaryimage","url":"https:\/\/www.scrigno.com\/wp-content\/uploads\/2024\/07\/square_L_Beatrice-Di-Pasqua.jpeg","contentUrl":"https:\/\/www.scrigno.com\/wp-content\/uploads\/2024\/07\/square_L_Beatrice-Di-Pasqua.jpeg","width":1100,"height":1100},{"@type":"BreadcrumbList","@id":"https:\/\/www.scrigno.com\/cs\/architekti\/beatrice-di-pasqua-4\/#breadcrumb","itemListElement":[{"@type":"ListItem","position":1,"name":"Home","item":"https:\/\/www.scrigno.com\/cs\/"},{"@type":"ListItem","position":2,"name":"Architekti","item":"https:\/\/www.scrigno.com\/cs\/architekti\/"},{"@type":"ListItem","position":3,"name":"Beatrice Di Pasqua"}]},{"@type":"WebSite","@id":"https:\/\/www.scrigno.com\/cs\/#website","url":"https:\/\/www.scrigno.com\/cs\/","name":"Scrigno","description":"","potentialAction":[{"@type":"SearchAction","target":{"@type":"EntryPoint","urlTemplate":"https:\/\/www.scrigno.com\/cs\/?s={search_term_string}"},"query-input":{"@type":"PropertyValueSpecification","valueRequired":true,"valueName":"search_term_string"}}],"inLanguage":"cs"}]}},"_links":{"self":[{"href":"https:\/\/www.scrigno.com\/cs\/wp-json\/wp\/v2\/scrignocom_architect\/10240","targetHints":{"allow":["GET"]}}],"collection":[{"href":"https:\/\/www.scrigno.com\/cs\/wp-json\/wp\/v2\/scrignocom_architect"}],"about":[{"href":"https:\/\/www.scrigno.com\/cs\/wp-json\/wp\/v2\/types\/scrignocom_architect"}],"wp:featuredmedia":[{"embeddable":true,"href":"https:\/\/www.scrigno.com\/cs\/wp-json\/wp\/v2\/media\/4604"}],"wp:attachment":[{"href":"https:\/\/www.scrigno.com\/cs\/wp-json\/wp\/v2\/media?parent=10240"}],"curies":[{"name":"wp","href":"https:\/\/api.w.org\/{rel}","templated":true}]}}

<p>Architektonické studio INsiDE se zrodilo ze zaujetí architektky Beatrice Di Pasqua pro interiérový design. Po absolvování oboru &#8222;Nábytek a architektura interiéru&#8220; měla to štěstí vyzkoušet si kreativní a podnětnou práci pro zákazníky v rámci nabídky „na klíč“, která jí umožnila věnovat se jak úvodní plánovací části projektu, tak i následné realizační fázi. Bohaté pracovní zkušenosti jí v roce 2011 dodaly odvahu otevřít studio INsiDE, mladé, dynamické, flexibilní a neustále rostoucí pracoviště, jehož jediným úkolem je KRÁSNÁ ARCHITEKTURA.</p>
<p>PROJEKT znamená zohlednění potřeb a přání zákazníka s cílem vytvořit dílo zaručující lepší pohodu všech, kteří budou s projektem denně žít.</p>
<p>ROLE ARCHITEKTA již není být umělcem, který navrhuje výstřední nápady vzdálené každodenní realitě. Nyní je to partner hledající pro své zákazníky řešení, jež odpovídají jejich skutečným potřebám, propojují estetiku s funkčností a poskytují přesné, úplné a vyvážené rady.</p>

<!-- This site is optimized with the Yoast SEO plugin v27.1.1 - https://yoast.com/product/yoast-seo-wordpress/ -->
<title>Beatrice Di Pasqua - Scrigno</title>
<meta name="robots" content="index, follow, max-snippet:-1, max-image-preview:large, max-video-preview:-1" />
<link rel="canonical" href="https://www.scrigno.com/cs/architekti/beatrice-di-pasqua-4/" />
<meta property="og:locale" content="cs_CZ" />
<meta property="og:type" content="article" />
<meta property="og:title" content="Beatrice Di Pasqua - Scrigno" />
<meta property="og:description" content="Architektonické studio INsiDE se zrodilo ze zaujetí architektky Beatrice Di Pasqua pro interiérový design. Po absolvování oboru &#8222;Nábytek a architektura [&hellip;]" />
<meta property="og:url" content="https://www.scrigno.com/cs/architekti/beatrice-di-pasqua-4/" />
<meta property="og:site_name" content="Scrigno" />
<meta property="og:image" content="https://www.scrigno.com/wp-content/uploads/2024/07/square_L_Beatrice-Di-Pasqua.jpeg" />
	<meta property="og:image:width" content="1100" />
	<meta property="og:image:height" content="1100" />
	<meta property="og:image:type" content="image/jpeg" />
<meta name="twitter:card" content="summary_large_image" />
<meta name="twitter:label1" content="Odhadovaná doba čtení" />
	<meta name="twitter:data1" content="1 minuta" />
<script type="application/ld+json" class="yoast-schema-graph">{"@context":"https://schema.org","@graph":[{"@type":"WebPage","@id":"https://www.scrigno.com/cs/architekti/beatrice-di-pasqua-4/","url":"https://www.scrigno.com/cs/architekti/beatrice-di-pasqua-4/","name":"Beatrice Di Pasqua - Scrigno","isPartOf":{"@id":"https://www.scrigno.com/cs/#website"},"primaryImageOfPage":{"@id":"https://www.scrigno.com/cs/architekti/beatrice-di-pasqua-4/#primaryimage"},"image":{"@id":"https://www.scrigno.com/cs/architekti/beatrice-di-pasqua-4/#primaryimage"},"thumbnailUrl":"https://www.scrigno.com/wp-content/uploads/2024/07/square_L_Beatrice-Di-Pasqua.jpeg","datePublished":"2024-09-18T14:47:38+00:00","breadcrumb":{"@id":"https://www.scrigno.com/cs/architekti/beatrice-di-pasqua-4/#breadcrumb"},"inLanguage":"cs","potentialAction":[{"@type":"ReadAction","target":["https://www.scrigno.com/cs/architekti/beatrice-di-pasqua-4/"]}]},{"@type":"ImageObject","inLanguage":"cs","@id":"https://www.scrigno.com/cs/architekti/beatrice-di-pasqua-4/#primaryimage","url":"https://www.scrigno.com/wp-content/uploads/2024/07/square_L_Beatrice-Di-Pasqua.jpeg","contentUrl":"https://www.scrigno.com/wp-content/uploads/2024/07/square_L_Beatrice-Di-Pasqua.jpeg","width":1100,"height":1100},{"@type":"BreadcrumbList","@id":"https://www.scrigno.com/cs/architekti/beatrice-di-pasqua-4/#breadcrumb","itemListElement":[{"@type":"ListItem","position":1,"name":"Home","item":"https://www.scrigno.com/cs/"},{"@type":"ListItem","position":2,"name":"Architekti","item":"https://www.scrigno.com/cs/architekti/"},{"@type":"ListItem","position":3,"name":"Beatrice Di Pasqua"}]},{"@type":"WebSite","@id":"https://www.scrigno.com/cs/#website","url":"https://www.scrigno.com/cs/","name":"Scrigno","description":"","potentialAction":[{"@type":"SearchAction","target":{"@type":"EntryPoint","urlTemplate":"https://www.scrigno.com/cs/?s={search_term_string}"},"query-input":{"@type":"PropertyValueSpecification","valueRequired":true,"valueName":"search_term_string"}}],"inLanguage":"cs"}]}</script>
<!-- / Yoast SEO plugin. -->

Architektonické studio INsiDE se zrodilo ze zaujetí architektky Beatrice Di Pasqua pro interiérový design. Po absolvování oboru &#8222;Nábytek a architektura [&hellip;]
