{"id":10247,"date":"2024-09-18T16:47:38","date_gmt":"2024-09-18T14:47:38","guid":{"rendered":"https:\/\/www.scrigno.com\/architects\/atelier-tomas-ghisellini-architetti-4\/"},"modified":"2024-09-18T16:47:38","modified_gmt":"2024-09-18T14:47:38","slug":"atelier-tomas-ghisellini-architetti-4","status":"publish","type":"scrignocom_architect","link":"https:\/\/www.scrigno.com\/cs\/architekti\/atelier-tomas-ghisellini-architetti-4\/","title":{"rendered":"ATELIER Tomas Ghisellini Architetti"},"content":{"rendered":"<p>Architecture Atelier, kter\u00fd byl zalo\u017een v roce 2009 po \u010detn\u00fdch zku\u0161enostech, z\u00edskan\u00fdch v It\u00e1lii i v zahrani\u010d\u00ed, se zab\u00fdv\u00e1 architektonick\u00fdm a urbanistick\u00fdm designem, krajinnou architekturou, interi\u00e9rov\u00fdm designem, instalac\u00ed a komunikac\u00ed. Zam\u011bstn\u00e1v\u00e1 t\u00fdm architekt\u016f, in\u017een\u00fdr\u016f, grafik\u016f a um\u011blc\u016f, kte\u0159\u00ed vytvo\u0159ili inovativn\u00ed integrovanou multidisciplin\u00e1rn\u00ed skupinu. K italsk\u00e9 kancel\u00e1\u0159i ve Ferra\u0159e ned\u00e1vno p\u0159ibyla nov\u00e1 kancel\u00e1\u0159, tzv. smart office, kter\u00e1 se zab\u00fdv\u00e1 z\u00e1mo\u0159skou architekturou a v\u00fdzkumn\u00fdmi projekty v Houstonu, v USA.<\/p>\n<p>V\u00edt\u011bz mnoha sout\u011b\u017e\u00ed v r\u00e1mci realizac\u00ed ve\u0159ejn\u00fdch i soukrom\u00fdch projekt\u016f, v\u0161ech dokon\u010den\u00fdch, nebo rozpracovan\u00fdch, ateli\u00e9r, vystaven\u00fd na MoMA New York v r\u00e1mci mezin\u00e1rodn\u00ed v\u00fdstavy Cut&#8217;n&#8217;Paste &#8211; From Architectural Assemblage to Collage City, je ocen\u011bn Renzem Piano v r\u00e1mci druh\u00e9ho ro\u010dn\u00edku presti\u017en\u00ed ceny Renzo Piano Foundation Award, v\u011bnovan\u00e9 nejlep\u0161\u00edm italsk\u00fdm architekt\u016fm do v\u011bku 40 let.<\/p>\n","protected":false},"featured_media":4639,"template":"","class_list":["post-10247","scrignocom_architect","type-scrignocom_architect","status-publish","has-post-thumbnail","hentry"],"acf":{"architect_company_name":"","architect_address":"","architect_city":"","architect_website":"","architect_email":"","architect_phone":""},"yoast_head":"<!-- This site is optimized with the Yoast SEO plugin v27.1.1 - https:\/\/yoast.com\/product\/yoast-seo-wordpress\/ -->\n<title>ATELIER Tomas Ghisellini Architetti - Scrigno<\/title>\n<meta name=\"robots\" content=\"index, follow, max-snippet:-1, max-image-preview:large, max-video-preview:-1\" \/>\n<link rel=\"canonical\" href=\"https:\/\/www.scrigno.com\/cs\/architekti\/atelier-tomas-ghisellini-architetti-4\/\" \/>\n<meta property=\"og:locale\" content=\"cs_CZ\" \/>\n<meta property=\"og:type\" content=\"article\" \/>\n<meta property=\"og:title\" content=\"ATELIER Tomas Ghisellini Architetti - Scrigno\" \/>\n<meta property=\"og:description\" content=\"Architecture Atelier, kter\u00fd byl zalo\u017een v roce 2009 po \u010detn\u00fdch zku\u0161enostech, z\u00edskan\u00fdch v It\u00e1lii i v zahrani\u010d\u00ed, se zab\u00fdv\u00e1 architektonick\u00fdm [&hellip;]\" \/>\n<meta property=\"og:url\" content=\"https:\/\/www.scrigno.com\/cs\/architekti\/atelier-tomas-ghisellini-architetti-4\/\" \/>\n<meta property=\"og:site_name\" content=\"Scrigno\" \/>\n<meta property=\"og:image\" content=\"https:\/\/www.scrigno.com\/wp-content\/uploads\/2024\/07\/square_L_ghisellini.jpg\" \/>\n\t<meta property=\"og:image:width\" content=\"1100\" \/>\n\t<meta property=\"og:image:height\" content=\"1100\" \/>\n\t<meta property=\"og:image:type\" content=\"image\/jpeg\" \/>\n<meta name=\"twitter:card\" content=\"summary_large_image\" \/>\n<meta name=\"twitter:label1\" content=\"Odhadovan\u00e1 doba \u010dten\u00ed\" \/>\n\t<meta name=\"twitter:data1\" content=\"1 minuta\" \/>\n<script type=\"application\/ld+json\" class=\"yoast-schema-graph\">{\"@context\":\"https:\/\/schema.org\",\"@graph\":[{\"@type\":\"WebPage\",\"@id\":\"https:\/\/www.scrigno.com\/cs\/architekti\/atelier-tomas-ghisellini-architetti-4\/\",\"url\":\"https:\/\/www.scrigno.com\/cs\/architekti\/atelier-tomas-ghisellini-architetti-4\/\",\"name\":\"ATELIER Tomas Ghisellini Architetti - Scrigno\",\"isPartOf\":{\"@id\":\"https:\/\/www.scrigno.com\/cs\/#website\"},\"primaryImageOfPage\":{\"@id\":\"https:\/\/www.scrigno.com\/cs\/architekti\/atelier-tomas-ghisellini-architetti-4\/#primaryimage\"},\"image\":{\"@id\":\"https:\/\/www.scrigno.com\/cs\/architekti\/atelier-tomas-ghisellini-architetti-4\/#primaryimage\"},\"thumbnailUrl\":\"https:\/\/www.scrigno.com\/wp-content\/uploads\/2024\/07\/square_L_ghisellini.jpg\",\"datePublished\":\"2024-09-18T14:47:38+00:00\",\"breadcrumb\":{\"@id\":\"https:\/\/www.scrigno.com\/cs\/architekti\/atelier-tomas-ghisellini-architetti-4\/#breadcrumb\"},\"inLanguage\":\"cs\",\"potentialAction\":[{\"@type\":\"ReadAction\",\"target\":[\"https:\/\/www.scrigno.com\/cs\/architekti\/atelier-tomas-ghisellini-architetti-4\/\"]}]},{\"@type\":\"ImageObject\",\"inLanguage\":\"cs\",\"@id\":\"https:\/\/www.scrigno.com\/cs\/architekti\/atelier-tomas-ghisellini-architetti-4\/#primaryimage\",\"url\":\"https:\/\/www.scrigno.com\/wp-content\/uploads\/2024\/07\/square_L_ghisellini.jpg\",\"contentUrl\":\"https:\/\/www.scrigno.com\/wp-content\/uploads\/2024\/07\/square_L_ghisellini.jpg\",\"width\":1100,\"height\":1100},{\"@type\":\"BreadcrumbList\",\"@id\":\"https:\/\/www.scrigno.com\/cs\/architekti\/atelier-tomas-ghisellini-architetti-4\/#breadcrumb\",\"itemListElement\":[{\"@type\":\"ListItem\",\"position\":1,\"name\":\"Home\",\"item\":\"https:\/\/www.scrigno.com\/cs\/\"},{\"@type\":\"ListItem\",\"position\":2,\"name\":\"Architekti\",\"item\":\"https:\/\/www.scrigno.com\/cs\/architekti\/\"},{\"@type\":\"ListItem\",\"position\":3,\"name\":\"ATELIER Tomas Ghisellini Architetti\"}]},{\"@type\":\"WebSite\",\"@id\":\"https:\/\/www.scrigno.com\/cs\/#website\",\"url\":\"https:\/\/www.scrigno.com\/cs\/\",\"name\":\"Scrigno\",\"description\":\"\",\"potentialAction\":[{\"@type\":\"SearchAction\",\"target\":{\"@type\":\"EntryPoint\",\"urlTemplate\":\"https:\/\/www.scrigno.com\/cs\/?s={search_term_string}\"},\"query-input\":{\"@type\":\"PropertyValueSpecification\",\"valueRequired\":true,\"valueName\":\"search_term_string\"}}],\"inLanguage\":\"cs\"}]}<\/script>\n<!-- \/ Yoast SEO plugin. -->","yoast_head_json":{"title":"ATELIER Tomas Ghisellini Architetti - Scrigno","robots":{"index":"index","follow":"follow","max-snippet":"max-snippet:-1","max-image-preview":"max-image-preview:large","max-video-preview":"max-video-preview:-1"},"canonical":"https:\/\/www.scrigno.com\/cs\/architekti\/atelier-tomas-ghisellini-architetti-4\/","og_locale":"cs_CZ","og_type":"article","og_title":"ATELIER Tomas Ghisellini Architetti - Scrigno","og_description":"Architecture Atelier, kter\u00fd byl zalo\u017een v roce 2009 po \u010detn\u00fdch zku\u0161enostech, z\u00edskan\u00fdch v It\u00e1lii i v zahrani\u010d\u00ed, se zab\u00fdv\u00e1 architektonick\u00fdm [&hellip;]","og_url":"https:\/\/www.scrigno.com\/cs\/architekti\/atelier-tomas-ghisellini-architetti-4\/","og_site_name":"Scrigno","og_image":[{"width":1100,"height":1100,"url":"https:\/\/www.scrigno.com\/wp-content\/uploads\/2024\/07\/square_L_ghisellini.jpg","type":"image\/jpeg"}],"twitter_card":"summary_large_image","twitter_misc":{"Odhadovan\u00e1 doba \u010dten\u00ed":"1 minuta"},"schema":{"@context":"https:\/\/schema.org","@graph":[{"@type":"WebPage","@id":"https:\/\/www.scrigno.com\/cs\/architekti\/atelier-tomas-ghisellini-architetti-4\/","url":"https:\/\/www.scrigno.com\/cs\/architekti\/atelier-tomas-ghisellini-architetti-4\/","name":"ATELIER Tomas Ghisellini Architetti - Scrigno","isPartOf":{"@id":"https:\/\/www.scrigno.com\/cs\/#website"},"primaryImageOfPage":{"@id":"https:\/\/www.scrigno.com\/cs\/architekti\/atelier-tomas-ghisellini-architetti-4\/#primaryimage"},"image":{"@id":"https:\/\/www.scrigno.com\/cs\/architekti\/atelier-tomas-ghisellini-architetti-4\/#primaryimage"},"thumbnailUrl":"https:\/\/www.scrigno.com\/wp-content\/uploads\/2024\/07\/square_L_ghisellini.jpg","datePublished":"2024-09-18T14:47:38+00:00","breadcrumb":{"@id":"https:\/\/www.scrigno.com\/cs\/architekti\/atelier-tomas-ghisellini-architetti-4\/#breadcrumb"},"inLanguage":"cs","potentialAction":[{"@type":"ReadAction","target":["https:\/\/www.scrigno.com\/cs\/architekti\/atelier-tomas-ghisellini-architetti-4\/"]}]},{"@type":"ImageObject","inLanguage":"cs","@id":"https:\/\/www.scrigno.com\/cs\/architekti\/atelier-tomas-ghisellini-architetti-4\/#primaryimage","url":"https:\/\/www.scrigno.com\/wp-content\/uploads\/2024\/07\/square_L_ghisellini.jpg","contentUrl":"https:\/\/www.scrigno.com\/wp-content\/uploads\/2024\/07\/square_L_ghisellini.jpg","width":1100,"height":1100},{"@type":"BreadcrumbList","@id":"https:\/\/www.scrigno.com\/cs\/architekti\/atelier-tomas-ghisellini-architetti-4\/#breadcrumb","itemListElement":[{"@type":"ListItem","position":1,"name":"Home","item":"https:\/\/www.scrigno.com\/cs\/"},{"@type":"ListItem","position":2,"name":"Architekti","item":"https:\/\/www.scrigno.com\/cs\/architekti\/"},{"@type":"ListItem","position":3,"name":"ATELIER Tomas Ghisellini Architetti"}]},{"@type":"WebSite","@id":"https:\/\/www.scrigno.com\/cs\/#website","url":"https:\/\/www.scrigno.com\/cs\/","name":"Scrigno","description":"","potentialAction":[{"@type":"SearchAction","target":{"@type":"EntryPoint","urlTemplate":"https:\/\/www.scrigno.com\/cs\/?s={search_term_string}"},"query-input":{"@type":"PropertyValueSpecification","valueRequired":true,"valueName":"search_term_string"}}],"inLanguage":"cs"}]}},"_links":{"self":[{"href":"https:\/\/www.scrigno.com\/cs\/wp-json\/wp\/v2\/scrignocom_architect\/10247","targetHints":{"allow":["GET"]}}],"collection":[{"href":"https:\/\/www.scrigno.com\/cs\/wp-json\/wp\/v2\/scrignocom_architect"}],"about":[{"href":"https:\/\/www.scrigno.com\/cs\/wp-json\/wp\/v2\/types\/scrignocom_architect"}],"wp:featuredmedia":[{"embeddable":true,"href":"https:\/\/www.scrigno.com\/cs\/wp-json\/wp\/v2\/media\/4639"}],"wp:attachment":[{"href":"https:\/\/www.scrigno.com\/cs\/wp-json\/wp\/v2\/media?parent=10247"}],"curies":[{"name":"wp","href":"https:\/\/api.w.org\/{rel}","templated":true}]}}

<p>Architecture Atelier, který byl založen v roce 2009 po četných zkušenostech, získaných v Itálii i v zahraničí, se zabývá architektonickým a urbanistickým designem, krajinnou architekturou, interiérovým designem, instalací a komunikací. Zaměstnává tým architektů, inženýrů, grafiků a umělců, kteří vytvořili inovativní integrovanou multidisciplinární skupinu. K italské kanceláři ve Ferraře nedávno přibyla nová kancelář, tzv. smart office, která se zabývá zámořskou architekturou a výzkumnými projekty v Houstonu, v USA.</p>
<p>Vítěz mnoha soutěží v rámci realizací veřejných i soukromých projektů, všech dokončených, nebo rozpracovaných, ateliér, vystavený na MoMA New York v rámci mezinárodní výstavy Cut&#8217;n&#8217;Paste &#8211; From Architectural Assemblage to Collage City, je oceněn Renzem Piano v rámci druhého ročníku prestižní ceny Renzo Piano Foundation Award, věnované nejlepším italským architektům do věku 40 let.</p>

<!-- This site is optimized with the Yoast SEO plugin v27.1.1 - https://yoast.com/product/yoast-seo-wordpress/ -->
<title>ATELIER Tomas Ghisellini Architetti - Scrigno</title>
<meta name="robots" content="index, follow, max-snippet:-1, max-image-preview:large, max-video-preview:-1" />
<link rel="canonical" href="https://www.scrigno.com/cs/architekti/atelier-tomas-ghisellini-architetti-4/" />
<meta property="og:locale" content="cs_CZ" />
<meta property="og:type" content="article" />
<meta property="og:title" content="ATELIER Tomas Ghisellini Architetti - Scrigno" />
<meta property="og:description" content="Architecture Atelier, který byl založen v roce 2009 po četných zkušenostech, získaných v Itálii i v zahraničí, se zabývá architektonickým [&hellip;]" />
<meta property="og:url" content="https://www.scrigno.com/cs/architekti/atelier-tomas-ghisellini-architetti-4/" />
<meta property="og:site_name" content="Scrigno" />
<meta property="og:image" content="https://www.scrigno.com/wp-content/uploads/2024/07/square_L_ghisellini.jpg" />
	<meta property="og:image:width" content="1100" />
	<meta property="og:image:height" content="1100" />
	<meta property="og:image:type" content="image/jpeg" />
<meta name="twitter:card" content="summary_large_image" />
<meta name="twitter:label1" content="Odhadovaná doba čtení" />
	<meta name="twitter:data1" content="1 minuta" />
<script type="application/ld+json" class="yoast-schema-graph">{"@context":"https://schema.org","@graph":[{"@type":"WebPage","@id":"https://www.scrigno.com/cs/architekti/atelier-tomas-ghisellini-architetti-4/","url":"https://www.scrigno.com/cs/architekti/atelier-tomas-ghisellini-architetti-4/","name":"ATELIER Tomas Ghisellini Architetti - Scrigno","isPartOf":{"@id":"https://www.scrigno.com/cs/#website"},"primaryImageOfPage":{"@id":"https://www.scrigno.com/cs/architekti/atelier-tomas-ghisellini-architetti-4/#primaryimage"},"image":{"@id":"https://www.scrigno.com/cs/architekti/atelier-tomas-ghisellini-architetti-4/#primaryimage"},"thumbnailUrl":"https://www.scrigno.com/wp-content/uploads/2024/07/square_L_ghisellini.jpg","datePublished":"2024-09-18T14:47:38+00:00","breadcrumb":{"@id":"https://www.scrigno.com/cs/architekti/atelier-tomas-ghisellini-architetti-4/#breadcrumb"},"inLanguage":"cs","potentialAction":[{"@type":"ReadAction","target":["https://www.scrigno.com/cs/architekti/atelier-tomas-ghisellini-architetti-4/"]}]},{"@type":"ImageObject","inLanguage":"cs","@id":"https://www.scrigno.com/cs/architekti/atelier-tomas-ghisellini-architetti-4/#primaryimage","url":"https://www.scrigno.com/wp-content/uploads/2024/07/square_L_ghisellini.jpg","contentUrl":"https://www.scrigno.com/wp-content/uploads/2024/07/square_L_ghisellini.jpg","width":1100,"height":1100},{"@type":"BreadcrumbList","@id":"https://www.scrigno.com/cs/architekti/atelier-tomas-ghisellini-architetti-4/#breadcrumb","itemListElement":[{"@type":"ListItem","position":1,"name":"Home","item":"https://www.scrigno.com/cs/"},{"@type":"ListItem","position":2,"name":"Architekti","item":"https://www.scrigno.com/cs/architekti/"},{"@type":"ListItem","position":3,"name":"ATELIER Tomas Ghisellini Architetti"}]},{"@type":"WebSite","@id":"https://www.scrigno.com/cs/#website","url":"https://www.scrigno.com/cs/","name":"Scrigno","description":"","potentialAction":[{"@type":"SearchAction","target":{"@type":"EntryPoint","urlTemplate":"https://www.scrigno.com/cs/?s={search_term_string}"},"query-input":{"@type":"PropertyValueSpecification","valueRequired":true,"valueName":"search_term_string"}}],"inLanguage":"cs"}]}</script>
<!-- / Yoast SEO plugin. -->

Architecture Atelier, který byl založen v roce 2009 po četných zkušenostech, získaných v Itálii i v zahraničí, se zabývá architektonickým [&hellip;]
