{"id":10211,"date":"2024-09-18T16:47:23","date_gmt":"2024-09-18T14:47:23","guid":{"rendered":"https:\/\/www.scrigno.com\/architects\/amd-sensory-interior-architecture-2\/"},"modified":"2024-09-18T16:47:23","modified_gmt":"2024-09-18T14:47:23","slug":"amd-sensory-interior-architecture-2","status":"publish","type":"scrignocom_architect","link":"https:\/\/www.scrigno.com\/fr\/architectes\/amd-sensory-interior-architecture-2\/","title":{"rendered":"AMD sensory interior architecture"},"content":{"rendered":"<p>En 1990, il fonde le cabinet de design Alessandro Marchelli \u2013 Sensorial Architecture + Creative Design.<\/p>\n<p>Dans son travail de design d\u2019int\u00e9rieur, d\u2019entreprise, d\u2019exposition, de design graphique et de communication, on peut percevoir l\u2019apologie sensorielle qui accompagne chaque geste du processus de design que sa main et son id\u00e9e veulent amener dans le c\u0153ur, l\u2019\u0153il, l\u2019esprit de l\u2019utilisateur final et de ses clients\/amis.<\/p>\n<p>Au fil des ans, il a con\u00e7u des int\u00e9rieurs et des am\u00e9nagements li\u00e9s au monde domestique et au monde des entreprises. Il a con\u00e7u des objets de design industriel, et ses travaux de design d\u2019int\u00e9rieur sont souvent publi\u00e9s dans des magazines li\u00e9s au monde du design et de l\u2019architecture d\u2019int\u00e9rieur.<\/p>\n<p>Il est conscient, en effet, que dans chaque intervention le concepteur doit \u00eatre en mesure de mettre en \u00e9vidence le potentiel expressif de chaque espace disponible, de chaque nuance de l\u2019objet afin d\u2019offrir, en m\u00eame temps qu\u2019une qualit\u00e9 esth\u00e9tique nouvelle et personnalis\u00e9e, la meilleure habitabilit\u00e9 possible.<\/p>\n<p>L\u2019accent est mis sur la recherche, l\u2019\u00e9laboration de solutions novatrices, la cr\u00e9ation de d\u00e9cors saisissants et uniques pour donner forme aux passions du client, l\u2019adaptation de l\u2019espace aux habitudes et aux besoins gr\u00e2ce \u00e0 la cr\u00e9ativit\u00e9 du designer.<\/p>\n<p>Le cabinet accorde \u00e9galement une attention particuli\u00e8re \u00e0 la conception de la couleur, en tant que consolidation de l\u2019harmonie du projet, en utilisant des combinaisons de couleurs originales pour relier les diff\u00e9rents environnements et donner une plus grande expressivit\u00e9 sensorielle au r\u00e9sultat final. Gr\u00e2ce \u00e0 une connaissance approfondie des syst\u00e8mes d\u2019\u00e9clairage, le cabinet parvient \u00e0 cr\u00e9er des visions toujours changeantes, riches en \u00e9motions, en r\u00e9alisant des sc\u00e8nes d\u2019ombre et de lumi\u00e8re, en soulignant les volumes, les pleins, les vides, les transparences, en offrant des effets \u00e9vocateurs.<\/p>\n<p>Depuis 1990, il est membre de l\u2019ADI (Association pour le design industriel), et depuis 1993 de l\u2019AIPI (Association italienne des architectes d\u2019int\u00e9rieur), au sein de laquelle il a occup\u00e9 des fonctions institutionnelles pendant plusieurs ann\u00e9es. Il est membre du BEDA (Bureau of European Designers Association), et depuis 1997 de QUALITAID EU (Organisme europ\u00e9en de qualification professionnelle architecte d\u2019int\u00e9rieur). Master en \u00ab Color Design \u00bb et \u00ab Lighting Design \u00bb, en 2005 cours post-universitaire en \u00ab New Entertainment Design \u00bb, au Poli.Design de Milan.<\/p>\n","protected":false},"featured_media":4659,"template":"","class_list":["post-10211","scrignocom_architect","type-scrignocom_architect","status-publish","has-post-thumbnail","hentry"],"acf":{"architect_company_name":"","architect_address":"","architect_city":"","architect_website":"","architect_email":"","architect_phone":""},"yoast_head":"<!-- This site is optimized with the Yoast SEO plugin v27.1.1 - https:\/\/yoast.com\/product\/yoast-seo-wordpress\/ -->\n<title>AMD sensory interior architecture - Scrigno<\/title>\n<meta name=\"robots\" content=\"index, follow, max-snippet:-1, max-image-preview:large, max-video-preview:-1\" \/>\n<link rel=\"canonical\" href=\"https:\/\/www.scrigno.com\/fr\/architectes\/amd-sensory-interior-architecture-2\/\" \/>\n<meta property=\"og:locale\" content=\"fr_FR\" \/>\n<meta property=\"og:type\" content=\"article\" \/>\n<meta property=\"og:title\" content=\"AMD sensory interior architecture - Scrigno\" \/>\n<meta property=\"og:description\" content=\"En 1990, il fonde le cabinet de design Alessandro Marchelli \u2013 Sensorial Architecture + Creative Design. Dans son travail de [&hellip;]\" \/>\n<meta property=\"og:url\" content=\"https:\/\/www.scrigno.com\/fr\/architectes\/amd-sensory-interior-architecture-2\/\" \/>\n<meta property=\"og:site_name\" content=\"Scrigno\" \/>\n<meta property=\"og:image\" content=\"https:\/\/www.scrigno.com\/wp-content\/uploads\/2024\/07\/square_L_alessandro-marchelli.jpg\" \/>\n\t<meta property=\"og:image:width\" content=\"1100\" \/>\n\t<meta property=\"og:image:height\" content=\"1100\" \/>\n\t<meta property=\"og:image:type\" content=\"image\/jpeg\" \/>\n<meta name=\"twitter:card\" content=\"summary_large_image\" \/>\n<meta name=\"twitter:label1\" content=\"Dur\u00e9e de lecture estim\u00e9e\" \/>\n\t<meta name=\"twitter:data1\" content=\"2 minutes\" \/>\n<script type=\"application\/ld+json\" class=\"yoast-schema-graph\">{\"@context\":\"https:\/\/schema.org\",\"@graph\":[{\"@type\":\"WebPage\",\"@id\":\"https:\/\/www.scrigno.com\/fr\/architectes\/amd-sensory-interior-architecture-2\/\",\"url\":\"https:\/\/www.scrigno.com\/fr\/architectes\/amd-sensory-interior-architecture-2\/\",\"name\":\"AMD sensory interior architecture - Scrigno\",\"isPartOf\":{\"@id\":\"https:\/\/www.scrigno.com\/fr\/#website\"},\"primaryImageOfPage\":{\"@id\":\"https:\/\/www.scrigno.com\/fr\/architectes\/amd-sensory-interior-architecture-2\/#primaryimage\"},\"image\":{\"@id\":\"https:\/\/www.scrigno.com\/fr\/architectes\/amd-sensory-interior-architecture-2\/#primaryimage\"},\"thumbnailUrl\":\"https:\/\/www.scrigno.com\/wp-content\/uploads\/2024\/07\/square_L_alessandro-marchelli.jpg\",\"datePublished\":\"2024-09-18T14:47:23+00:00\",\"breadcrumb\":{\"@id\":\"https:\/\/www.scrigno.com\/fr\/architectes\/amd-sensory-interior-architecture-2\/#breadcrumb\"},\"inLanguage\":\"fr-FR\",\"potentialAction\":[{\"@type\":\"ReadAction\",\"target\":[\"https:\/\/www.scrigno.com\/fr\/architectes\/amd-sensory-interior-architecture-2\/\"]}]},{\"@type\":\"ImageObject\",\"inLanguage\":\"fr-FR\",\"@id\":\"https:\/\/www.scrigno.com\/fr\/architectes\/amd-sensory-interior-architecture-2\/#primaryimage\",\"url\":\"https:\/\/www.scrigno.com\/wp-content\/uploads\/2024\/07\/square_L_alessandro-marchelli.jpg\",\"contentUrl\":\"https:\/\/www.scrigno.com\/wp-content\/uploads\/2024\/07\/square_L_alessandro-marchelli.jpg\",\"width\":1100,\"height\":1100},{\"@type\":\"BreadcrumbList\",\"@id\":\"https:\/\/www.scrigno.com\/fr\/architectes\/amd-sensory-interior-architecture-2\/#breadcrumb\",\"itemListElement\":[{\"@type\":\"ListItem\",\"position\":1,\"name\":\"Home\",\"item\":\"https:\/\/www.scrigno.com\/fr\/\"},{\"@type\":\"ListItem\",\"position\":2,\"name\":\"Architectes\",\"item\":\"https:\/\/www.scrigno.com\/fr\/architectes\/\"},{\"@type\":\"ListItem\",\"position\":3,\"name\":\"AMD sensory interior architecture\"}]},{\"@type\":\"WebSite\",\"@id\":\"https:\/\/www.scrigno.com\/fr\/#website\",\"url\":\"https:\/\/www.scrigno.com\/fr\/\",\"name\":\"Scrigno\",\"description\":\"\",\"potentialAction\":[{\"@type\":\"SearchAction\",\"target\":{\"@type\":\"EntryPoint\",\"urlTemplate\":\"https:\/\/www.scrigno.com\/fr\/?s={search_term_string}\"},\"query-input\":{\"@type\":\"PropertyValueSpecification\",\"valueRequired\":true,\"valueName\":\"search_term_string\"}}],\"inLanguage\":\"fr-FR\"}]}<\/script>\n<!-- \/ Yoast SEO plugin. -->","yoast_head_json":{"title":"AMD sensory interior architecture - Scrigno","robots":{"index":"index","follow":"follow","max-snippet":"max-snippet:-1","max-image-preview":"max-image-preview:large","max-video-preview":"max-video-preview:-1"},"canonical":"https:\/\/www.scrigno.com\/fr\/architectes\/amd-sensory-interior-architecture-2\/","og_locale":"fr_FR","og_type":"article","og_title":"AMD sensory interior architecture - Scrigno","og_description":"En 1990, il fonde le cabinet de design Alessandro Marchelli \u2013 Sensorial Architecture + Creative Design. Dans son travail de [&hellip;]","og_url":"https:\/\/www.scrigno.com\/fr\/architectes\/amd-sensory-interior-architecture-2\/","og_site_name":"Scrigno","og_image":[{"width":1100,"height":1100,"url":"https:\/\/www.scrigno.com\/wp-content\/uploads\/2024\/07\/square_L_alessandro-marchelli.jpg","type":"image\/jpeg"}],"twitter_card":"summary_large_image","twitter_misc":{"Dur\u00e9e de lecture estim\u00e9e":"2 minutes"},"schema":{"@context":"https:\/\/schema.org","@graph":[{"@type":"WebPage","@id":"https:\/\/www.scrigno.com\/fr\/architectes\/amd-sensory-interior-architecture-2\/","url":"https:\/\/www.scrigno.com\/fr\/architectes\/amd-sensory-interior-architecture-2\/","name":"AMD sensory interior architecture - Scrigno","isPartOf":{"@id":"https:\/\/www.scrigno.com\/fr\/#website"},"primaryImageOfPage":{"@id":"https:\/\/www.scrigno.com\/fr\/architectes\/amd-sensory-interior-architecture-2\/#primaryimage"},"image":{"@id":"https:\/\/www.scrigno.com\/fr\/architectes\/amd-sensory-interior-architecture-2\/#primaryimage"},"thumbnailUrl":"https:\/\/www.scrigno.com\/wp-content\/uploads\/2024\/07\/square_L_alessandro-marchelli.jpg","datePublished":"2024-09-18T14:47:23+00:00","breadcrumb":{"@id":"https:\/\/www.scrigno.com\/fr\/architectes\/amd-sensory-interior-architecture-2\/#breadcrumb"},"inLanguage":"fr-FR","potentialAction":[{"@type":"ReadAction","target":["https:\/\/www.scrigno.com\/fr\/architectes\/amd-sensory-interior-architecture-2\/"]}]},{"@type":"ImageObject","inLanguage":"fr-FR","@id":"https:\/\/www.scrigno.com\/fr\/architectes\/amd-sensory-interior-architecture-2\/#primaryimage","url":"https:\/\/www.scrigno.com\/wp-content\/uploads\/2024\/07\/square_L_alessandro-marchelli.jpg","contentUrl":"https:\/\/www.scrigno.com\/wp-content\/uploads\/2024\/07\/square_L_alessandro-marchelli.jpg","width":1100,"height":1100},{"@type":"BreadcrumbList","@id":"https:\/\/www.scrigno.com\/fr\/architectes\/amd-sensory-interior-architecture-2\/#breadcrumb","itemListElement":[{"@type":"ListItem","position":1,"name":"Home","item":"https:\/\/www.scrigno.com\/fr\/"},{"@type":"ListItem","position":2,"name":"Architectes","item":"https:\/\/www.scrigno.com\/fr\/architectes\/"},{"@type":"ListItem","position":3,"name":"AMD sensory interior architecture"}]},{"@type":"WebSite","@id":"https:\/\/www.scrigno.com\/fr\/#website","url":"https:\/\/www.scrigno.com\/fr\/","name":"Scrigno","description":"","potentialAction":[{"@type":"SearchAction","target":{"@type":"EntryPoint","urlTemplate":"https:\/\/www.scrigno.com\/fr\/?s={search_term_string}"},"query-input":{"@type":"PropertyValueSpecification","valueRequired":true,"valueName":"search_term_string"}}],"inLanguage":"fr-FR"}]}},"_links":{"self":[{"href":"https:\/\/www.scrigno.com\/fr\/wp-json\/wp\/v2\/scrignocom_architect\/10211","targetHints":{"allow":["GET"]}}],"collection":[{"href":"https:\/\/www.scrigno.com\/fr\/wp-json\/wp\/v2\/scrignocom_architect"}],"about":[{"href":"https:\/\/www.scrigno.com\/fr\/wp-json\/wp\/v2\/types\/scrignocom_architect"}],"wp:featuredmedia":[{"embeddable":true,"href":"https:\/\/www.scrigno.com\/fr\/wp-json\/wp\/v2\/media\/4659"}],"wp:attachment":[{"href":"https:\/\/www.scrigno.com\/fr\/wp-json\/wp\/v2\/media?parent=10211"}],"curies":[{"name":"wp","href":"https:\/\/api.w.org\/{rel}","templated":true}]}}

<p>En 1990, il fonde le cabinet de design Alessandro Marchelli – Sensorial Architecture + Creative Design.</p>
<p>Dans son travail de design d’intérieur, d’entreprise, d’exposition, de design graphique et de communication, on peut percevoir l’apologie sensorielle qui accompagne chaque geste du processus de design que sa main et son idée veulent amener dans le cœur, l’œil, l’esprit de l’utilisateur final et de ses clients/amis.</p>
<p>Au fil des ans, il a conçu des intérieurs et des aménagements liés au monde domestique et au monde des entreprises. Il a conçu des objets de design industriel, et ses travaux de design d’intérieur sont souvent publiés dans des magazines liés au monde du design et de l’architecture d’intérieur.</p>
<p>Il est conscient, en effet, que dans chaque intervention le concepteur doit être en mesure de mettre en évidence le potentiel expressif de chaque espace disponible, de chaque nuance de l’objet afin d’offrir, en même temps qu’une qualité esthétique nouvelle et personnalisée, la meilleure habitabilité possible.</p>
<p>L’accent est mis sur la recherche, l’élaboration de solutions novatrices, la création de décors saisissants et uniques pour donner forme aux passions du client, l’adaptation de l’espace aux habitudes et aux besoins grâce à la créativité du designer.</p>
<p>Le cabinet accorde également une attention particulière à la conception de la couleur, en tant que consolidation de l’harmonie du projet, en utilisant des combinaisons de couleurs originales pour relier les différents environnements et donner une plus grande expressivité sensorielle au résultat final. Grâce à une connaissance approfondie des systèmes d’éclairage, le cabinet parvient à créer des visions toujours changeantes, riches en émotions, en réalisant des scènes d’ombre et de lumière, en soulignant les volumes, les pleins, les vides, les transparences, en offrant des effets évocateurs.</p>
<p>Depuis 1990, il est membre de l’ADI (Association pour le design industriel), et depuis 1993 de l’AIPI (Association italienne des architectes d’intérieur), au sein de laquelle il a occupé des fonctions institutionnelles pendant plusieurs années. Il est membre du BEDA (Bureau of European Designers Association), et depuis 1997 de QUALITAID EU (Organisme européen de qualification professionnelle architecte d’intérieur). Master en « Color Design » et « Lighting Design », en 2005 cours post-universitaire en « New Entertainment Design », au Poli.Design de Milan.</p>

<!-- This site is optimized with the Yoast SEO plugin v27.1.1 - https://yoast.com/product/yoast-seo-wordpress/ -->
<title>AMD sensory interior architecture - Scrigno</title>
<meta name="robots" content="index, follow, max-snippet:-1, max-image-preview:large, max-video-preview:-1" />
<link rel="canonical" href="https://www.scrigno.com/fr/architectes/amd-sensory-interior-architecture-2/" />
<meta property="og:locale" content="fr_FR" />
<meta property="og:type" content="article" />
<meta property="og:title" content="AMD sensory interior architecture - Scrigno" />
<meta property="og:description" content="En 1990, il fonde le cabinet de design Alessandro Marchelli – Sensorial Architecture + Creative Design. Dans son travail de [&hellip;]" />
<meta property="og:url" content="https://www.scrigno.com/fr/architectes/amd-sensory-interior-architecture-2/" />
<meta property="og:site_name" content="Scrigno" />
<meta property="og:image" content="https://www.scrigno.com/wp-content/uploads/2024/07/square_L_alessandro-marchelli.jpg" />
	<meta property="og:image:width" content="1100" />
	<meta property="og:image:height" content="1100" />
	<meta property="og:image:type" content="image/jpeg" />
<meta name="twitter:card" content="summary_large_image" />
<meta name="twitter:label1" content="Durée de lecture estimée" />
	<meta name="twitter:data1" content="2 minutes" />
<script type="application/ld+json" class="yoast-schema-graph">{"@context":"https://schema.org","@graph":[{"@type":"WebPage","@id":"https://www.scrigno.com/fr/architectes/amd-sensory-interior-architecture-2/","url":"https://www.scrigno.com/fr/architectes/amd-sensory-interior-architecture-2/","name":"AMD sensory interior architecture - Scrigno","isPartOf":{"@id":"https://www.scrigno.com/fr/#website"},"primaryImageOfPage":{"@id":"https://www.scrigno.com/fr/architectes/amd-sensory-interior-architecture-2/#primaryimage"},"image":{"@id":"https://www.scrigno.com/fr/architectes/amd-sensory-interior-architecture-2/#primaryimage"},"thumbnailUrl":"https://www.scrigno.com/wp-content/uploads/2024/07/square_L_alessandro-marchelli.jpg","datePublished":"2024-09-18T14:47:23+00:00","breadcrumb":{"@id":"https://www.scrigno.com/fr/architectes/amd-sensory-interior-architecture-2/#breadcrumb"},"inLanguage":"fr-FR","potentialAction":[{"@type":"ReadAction","target":["https://www.scrigno.com/fr/architectes/amd-sensory-interior-architecture-2/"]}]},{"@type":"ImageObject","inLanguage":"fr-FR","@id":"https://www.scrigno.com/fr/architectes/amd-sensory-interior-architecture-2/#primaryimage","url":"https://www.scrigno.com/wp-content/uploads/2024/07/square_L_alessandro-marchelli.jpg","contentUrl":"https://www.scrigno.com/wp-content/uploads/2024/07/square_L_alessandro-marchelli.jpg","width":1100,"height":1100},{"@type":"BreadcrumbList","@id":"https://www.scrigno.com/fr/architectes/amd-sensory-interior-architecture-2/#breadcrumb","itemListElement":[{"@type":"ListItem","position":1,"name":"Home","item":"https://www.scrigno.com/fr/"},{"@type":"ListItem","position":2,"name":"Architectes","item":"https://www.scrigno.com/fr/architectes/"},{"@type":"ListItem","position":3,"name":"AMD sensory interior architecture"}]},{"@type":"WebSite","@id":"https://www.scrigno.com/fr/#website","url":"https://www.scrigno.com/fr/","name":"Scrigno","description":"","potentialAction":[{"@type":"SearchAction","target":{"@type":"EntryPoint","urlTemplate":"https://www.scrigno.com/fr/?s={search_term_string}"},"query-input":{"@type":"PropertyValueSpecification","valueRequired":true,"valueName":"search_term_string"}}],"inLanguage":"fr-FR"}]}</script>
<!-- / Yoast SEO plugin. -->
